{"id":1836,"date":"2024-02-11T15:30:49","date_gmt":"2024-02-11T15:30:49","guid":{"rendered":"https:\/\/woodywoody.eu\/?page_id=1836"},"modified":"2025-07-16T19:10:25","modified_gmt":"2025-07-16T19:10:25","slug":"grunto-kasimo-paslaugos","status":"publish","type":"page","link":"https:\/\/woodywoody.eu\/index.php\/grunto-kasimo-paslaugos\/","title":{"rendered":"Grunto kasimo darbai"},"content":{"rendered":"\t\t<div data-elementor-type=\"wp-page\" data-elementor-id=\"1836\" class=\"elementor elementor-1836\">\n\t\t\t\t<div class=\"elementor-element elementor-element-10af59b e-flex e-con-boxed e-con e-parent\" data-id=\"10af59b\" data-element_type=\"container\" data-e-type=\"container\">\n\t\t\t\t\t<div class=\"e-con-inner\">\n\t\t<div class=\"elementor-element elementor-element-cde89d9 e-flex e-con-boxed e-con e-child\" data-id=\"cde89d9\" data-element_type=\"container\" data-e-type=\"container\" data-settings=\"{&quot;background_background&quot;:&quot;classic&quot;}\">\n\t\t\t\t\t<div class=\"e-con-inner\">\n\t\t\t\t<div class=\"elementor-element elementor-element-43c2413 elementor-widget elementor-widget-heading\" data-id=\"43c2413\" data-element_type=\"widget\" data-e-type=\"widget\" data-widget_type=\"heading.default\">\n\t\t\t\t<div class=\"elementor-widget-container\">\n\t\t\t\t\t<h2 class=\"elementor-heading-title elementor-size-default\">Medini\u0173 sand\u0117liuk\u0173 statyba<\/h2>\t\t\t\t<\/div>\n\t\t\t\t<\/div>\n\t\t\t\t\t<\/div>\n\t\t\t\t<\/div>\n\t\t\t\t\t<\/div>\n\t\t\t\t<\/div>\n\t\t<div class=\"elementor-element elementor-element-d393b0a e-flex e-con-boxed e-con e-parent\" data-id=\"d393b0a\" data-element_type=\"container\" data-e-type=\"container\">\n\t\t\t\t\t<div class=\"e-con-inner\">\n\t\t\t\t<div class=\"elementor-element elementor-element-ab843f8 elementor-widget elementor-widget-text-editor\" data-id=\"ab843f8\" data-element_type=\"widget\" data-e-type=\"widget\" data-widget_type=\"text-editor.default\">\n\t\t\t\t<div class=\"elementor-widget-container\">\n\t\t\t\t\t\t\t\t\t<p>Jau ilgus metus, pagal klient\u0173 pageidavimus, kuriame 3D br\u0117\u017einius (vizualizacijas) ir gaminame medines pav\u0117sines, karkasinius sand\u0117liukus, sodo namelius, gara\u017eus ir kitus medinius statinius.<\/p><p>Kadangi patys projektuojame, n\u0117ra tokio statinio, kurio negal\u0117tume sukurti, tad galime \u012fgyvendinti visus J\u016bs\u0173 norus.<\/p><p>M\u016bs\u0173 gaminiai paplit\u0119 po vis\u0105 Lietuv\u0105, tiek ma\u017euose miesteliuose, tiek didmies\u010diuose, ir u\u017e Lietuvos rib\u0173!<\/p><p>Gaminiai gaminami i\u0161 d\u017eiovintos, obliuotos spygliuo\u010di\u0173 medienos.<\/p><p>Karkasiniai sand\u0117liukai gaminami i\u0161 medin\u0117s konstrukcijos ir dailylen\u010di\u0173. Baziniuose variantuose dailylent\u0117s montuojamos tik i\u0161 lauko pus\u0117s, ta\u010diau vid\u0173 taip pat galime i\u0161kalti dailylent\u0117mis, OSB plok\u0161te ar kita.<\/p><p>Galite rinktis i\u0161 m\u016bs\u0173 jau pastatyt\u0173 sand\u0117liuk\u0173 modeli\u0173 arba galime pagaminti pagal J\u016bs\u0173 pageidavimus.<\/p><p><img fetchpriority=\"high\" decoding=\"async\" class=\"alignnone size-medium wp-image-1653\" src=\"http:\/\/woodywoody.eu\/wp-content\/uploads\/2023\/08\/ok1-9-300x225.png\" alt=\"\" width=\"300\" height=\"225\" srcset=\"https:\/\/woodywoody.eu\/wp-content\/uploads\/2023\/08\/ok1-9-300x225.png 300w, https:\/\/woodywoody.eu\/wp-content\/uploads\/2023\/08\/ok1-9-1024x768.png 1024w, https:\/\/woodywoody.eu\/wp-content\/uploads\/2023\/08\/ok1-9-768x576.png 768w, https:\/\/woodywoody.eu\/wp-content\/uploads\/2023\/08\/ok1-9-1536x1152.png 1536w, https:\/\/woodywoody.eu\/wp-content\/uploads\/2023\/08\/ok1-9.png 1651w\" sizes=\"(max-width: 300px) 100vw, 300px\" \/><img decoding=\"async\" class=\"alignnone size-medium wp-image-1656\" style=\"font-style: inherit; font-weight: inherit;\" src=\"http:\/\/woodywoody.eu\/wp-content\/uploads\/2023\/08\/san6-300x225.jpg\" alt=\"\" width=\"300\" height=\"225\" srcset=\"https:\/\/woodywoody.eu\/wp-content\/uploads\/2023\/08\/san6-300x225.jpg 300w, https:\/\/woodywoody.eu\/wp-content\/uploads\/2023\/08\/san6-1024x768.jpg 1024w, https:\/\/woodywoody.eu\/wp-content\/uploads\/2023\/08\/san6-768x576.jpg 768w, https:\/\/woodywoody.eu\/wp-content\/uploads\/2023\/08\/san6-1536x1152.jpg 1536w, https:\/\/woodywoody.eu\/wp-content\/uploads\/2023\/08\/san6.jpg 2048w\" sizes=\"(max-width: 300px) 100vw, 300px\" \/><img decoding=\"async\" class=\"alignnone size-medium wp-image-1630\" style=\"font-style: inherit; font-weight: inherit;\" src=\"http:\/\/woodywoody.eu\/wp-content\/uploads\/2023\/08\/ok1-7-300x225.png\" alt=\"\" width=\"300\" height=\"225\" srcset=\"https:\/\/woodywoody.eu\/wp-content\/uploads\/2023\/08\/ok1-7-300x225.png 300w, https:\/\/woodywoody.eu\/wp-content\/uploads\/2023\/08\/ok1-7-1024x768.png 1024w, https:\/\/woodywoody.eu\/wp-content\/uploads\/2023\/08\/ok1-7-768x576.png 768w, https:\/\/woodywoody.eu\/wp-content\/uploads\/2023\/08\/ok1-7-1536x1152.png 1536w, https:\/\/woodywoody.eu\/wp-content\/uploads\/2023\/08\/ok1-7.png 1651w\" sizes=\"(max-width: 300px) 100vw, 300px\" \/><img loading=\"lazy\" decoding=\"async\" class=\"alignnone size-medium wp-image-1629\" style=\"font-style: inherit; font-weight: inherit;\" src=\"http:\/\/woodywoody.eu\/wp-content\/uploads\/2023\/08\/Sandeliukas-2x3-2-300x225.jpg\" alt=\"\" width=\"300\" height=\"225\" srcset=\"https:\/\/woodywoody.eu\/wp-content\/uploads\/2023\/08\/Sandeliukas-2x3-2-300x225.jpg 300w, https:\/\/woodywoody.eu\/wp-content\/uploads\/2023\/08\/Sandeliukas-2x3-2-768x576.jpg 768w, https:\/\/woodywoody.eu\/wp-content\/uploads\/2023\/08\/Sandeliukas-2x3-2.jpg 780w\" sizes=\"(max-width: 300px) 100vw, 300px\" \/><\/p>\t\t\t\t\t\t\t\t<\/div>\n\t\t\t\t<\/div>\n\t\t\t\t<div class=\"elementor-element elementor-element-dc85099 elementor-align-center elementor-widget elementor-widget-button\" data-id=\"dc85099\" data-element_type=\"widget\" data-e-type=\"widget\" data-widget_type=\"button.default\">\n\t\t\t\t<div class=\"elementor-widget-container\">\n\t\t\t\t\t\t\t\t\t<div class=\"elementor-button-wrapper\">\n\t\t\t\t\t<a class=\"elementor-button elementor-button-link elementor-size-sm\" href=\"https:\/\/woodywoody.eu\/index.php\/projects\/\">\n\t\t\t\t\t\t<span class=\"elementor-button-content-wrapper\">\n\t\t\t\t\t\t\t\t\t<span class=\"elementor-button-text\">Darb\u0173 galerija<\/span>\n\t\t\t\t\t<\/span>\n\t\t\t\t\t<\/a>\n\t\t\t\t<\/div>\n\t\t\t\t\t\t\t\t<\/div>\n\t\t\t\t<\/div>\n\t\t\t\t<div class=\"elementor-element elementor-element-6195ed2 elementor-align-center elementor-widget elementor-widget-button\" data-id=\"6195ed2\" data-element_type=\"widget\" data-e-type=\"widget\" data-widget_type=\"button.default\">\n\t\t\t\t<div class=\"elementor-widget-container\">\n\t\t\t\t\t\t\t\t\t<div class=\"elementor-button-wrapper\">\n\t\t\t\t\t<a class=\"elementor-button elementor-button-link elementor-size-sm\" href=\"https:\/\/woodywoody.eu\/index.php\/contact-us\/\">\n\t\t\t\t\t\t<span class=\"elementor-button-content-wrapper\">\n\t\t\t\t\t\t\t\t\t<span class=\"elementor-button-text\">Gauti pasi\u016blym\u0105<\/span>\n\t\t\t\t\t<\/span>\n\t\t\t\t\t<\/a>\n\t\t\t\t<\/div>\n\t\t\t\t\t\t\t\t<\/div>\n\t\t\t\t<\/div>\n\t\t\t\t\t<\/div>\n\t\t\t\t<\/div>\n\t\t\t\t<\/div>\n\t\t","protected":false},"excerpt":{"rendered":"<p>Medini\u0173 sand\u0117liuk\u0173 statyba Jau ilgus metus, pagal klient\u0173 pageidavimus, kuriame 3D br\u0117\u017einius (vizualizacijas) ir gaminame medines pav\u0117sines, karkasinius sand\u0117liukus, sodo namelius, gara\u017eus ir kitus medinius statinius. Kadangi patys projektuojame, n\u0117ra tokio statinio, kurio negal\u0117tume sukurti, tad galime \u012fgyvendinti visus J\u016bs\u0173 norus. M\u016bs\u0173 gaminiai paplit\u0119 po vis\u0105 Lietuv\u0105, tiek ma\u017euose miesteliuose, tiek didmies\u010diuose, ir u\u017e Lietuvos [&hellip;]<\/p>\n","protected":false},"author":1,"featured_media":0,"parent":0,"menu_order":0,"comment_status":"closed","ping_status":"closed","template":"","meta":{"om_disable_all_campaigns":false,"site-sidebar-layout":"no-sidebar","site-content-layout":"page-builder","ast-site-content-layout":"full-width-container","site-content-style":"default","site-sidebar-style":"default","ast-global-header-display":"","ast-banner-title-visibility":"","ast-main-header-display":"","ast-hfb-above-header-display":"","ast-hfb-below-header-display":"","ast-hfb-mobile-header-display":"","site-post-title":"disabled","ast-breadcrumbs-content":"","ast-featured-img":"disabled","footer-sml-layout":"","ast-disable-related-posts":"","theme-transparent-header-meta":"","adv-header-id-meta":"","stick-header-meta":"","header-above-stick-meta":"","header-main-stick-meta":"","header-below-stick-meta":"","astra-migrate-meta-layouts":"set","ast-page-background-enabled":"default","ast-page-background-meta":{"desktop":{"background-color":"","background-image":"","background-repeat":"repeat","background-position":"center center","background-size":"auto","background-attachment":"scroll","background-type":"","background-media":"","overlay-type":"","overlay-color":"","overlay-opacity":"","overlay-gradient":""},"tablet":{"background-color":"","background-image":"","background-repeat":"repeat","background-position":"center center","background-size":"auto","background-attachment":"scroll","background-type":"","background-media":"","overlay-type":"","overlay-color":"","overlay-opacity":"","overlay-gradient":""},"mobile":{"background-color":"","background-image":"","background-repeat":"repeat","background-position":"center center","background-size":"auto","background-attachment":"scroll","background-type":"","background-media":"","overlay-type":"","overlay-color":"","overlay-opacity":"","overlay-gradient":""}},"ast-content-background-meta":{"desktop":{"background-color":"var(--ast-global-color-5)","background-image":"","background-repeat":"repeat","background-position":"center center","background-size":"auto","background-attachment":"scroll","background-type":"","background-media":"","overlay-type":"","overlay-color":"","overlay-opacity":"","overlay-gradient":""},"tablet":{"background-color":"var(--ast-global-color-5)","background-image":"","background-repeat":"repeat","background-position":"center center","background-size":"auto","background-attachment":"scroll","background-type":"","background-media":"","overlay-type":"","overlay-color":"","overlay-opacity":"","overlay-gradient":""},"mobile":{"background-color":"var(--ast-global-color-5)","background-image":"","background-repeat":"repeat","background-position":"center center","background-size":"auto","background-attachment":"scroll","background-type":"","background-media":"","overlay-type":"","overlay-color":"","overlay-opacity":"","overlay-gradient":""}},"footnotes":""},"class_list":["post-1836","page","type-page","status-publish","hentry"],"_links":{"self":[{"href":"https:\/\/woodywoody.eu\/index.php\/wp-json\/wp\/v2\/pages\/1836","targetHints":{"allow":["GET"]}}],"collection":[{"href":"https:\/\/woodywoody.eu\/index.php\/wp-json\/wp\/v2\/pages"}],"about":[{"href":"https:\/\/woodywoody.eu\/index.php\/wp-json\/wp\/v2\/types\/page"}],"author":[{"embeddable":true,"href":"https:\/\/woodywoody.eu\/index.php\/wp-json\/wp\/v2\/users\/1"}],"replies":[{"embeddable":true,"href":"https:\/\/woodywoody.eu\/index.php\/wp-json\/wp\/v2\/comments?post=1836"}],"version-history":[{"count":17,"href":"https:\/\/woodywoody.eu\/index.php\/wp-json\/wp\/v2\/pages\/1836\/revisions"}],"predecessor-version":[{"id":2248,"href":"https:\/\/woodywoody.eu\/index.php\/wp-json\/wp\/v2\/pages\/1836\/revisions\/2248"}],"wp:attachment":[{"href":"https:\/\/woodywoody.eu\/index.php\/wp-json\/wp\/v2\/media?parent=1836"}],"curies":[{"name":"wp","href":"https:\/\/api.w.org\/{rel}","templated":true}]}}