{"id":1854,"date":"2024-02-11T15:39:11","date_gmt":"2024-02-11T15:39:11","guid":{"rendered":"https:\/\/woodywoody.eu\/?page_id=1854"},"modified":"2025-07-16T19:33:01","modified_gmt":"2025-07-16T19:33:01","slug":"terasu-irengimo-darbai","status":"publish","type":"page","link":"https:\/\/woodywoody.eu\/index.php\/terasu-irengimo-darbai\/","title":{"rendered":"Teras\u0173 \u012frengimo darbai"},"content":{"rendered":"\t\t<div data-elementor-type=\"wp-page\" data-elementor-id=\"1854\" class=\"elementor elementor-1854\">\n\t\t\t\t<div class=\"elementor-element elementor-element-d1d09e2 e-flex e-con-boxed e-con e-parent\" data-id=\"d1d09e2\" data-element_type=\"container\" data-e-type=\"container\">\n\t\t\t\t\t<div class=\"e-con-inner\">\n\t\t<div class=\"elementor-element elementor-element-4f7d894 e-flex e-con-boxed e-con e-child\" data-id=\"4f7d894\" data-element_type=\"container\" data-e-type=\"container\">\n\t\t\t\t\t<div class=\"e-con-inner\">\n\t\t<div class=\"elementor-element elementor-element-27792c2 e-flex e-con-boxed e-con e-child\" data-id=\"27792c2\" data-element_type=\"container\" data-e-type=\"container\">\n\t\t\t\t\t<div class=\"e-con-inner\">\n\t\t<div class=\"elementor-element elementor-element-8d7b3dc e-flex e-con-boxed e-con e-child\" data-id=\"8d7b3dc\" data-element_type=\"container\" data-e-type=\"container\" data-settings=\"{&quot;background_background&quot;:&quot;classic&quot;}\">\n\t\t\t\t\t<div class=\"e-con-inner\">\n\t\t\t\t<div class=\"elementor-element elementor-element-0dc3234 elementor-widget elementor-widget-heading\" data-id=\"0dc3234\" data-element_type=\"widget\" data-e-type=\"widget\" data-widget_type=\"heading.default\">\n\t\t\t\t<div class=\"elementor-widget-container\">\n\t\t\t\t\t<h2 class=\"elementor-heading-title elementor-size-default\">Karkasini\u0173 pir\u010di\u0173 statyba<\/h2>\t\t\t\t<\/div>\n\t\t\t\t<\/div>\n\t\t\t\t\t<\/div>\n\t\t\t\t<\/div>\n\t\t\t\t\t<\/div>\n\t\t\t\t<\/div>\n\t\t\t\t\t<\/div>\n\t\t\t\t<\/div>\n\t\t\t\t\t<\/div>\n\t\t\t\t<\/div>\n\t\t<div class=\"elementor-element elementor-element-a35489c e-flex e-con-boxed e-con e-parent\" data-id=\"a35489c\" data-element_type=\"container\" data-e-type=\"container\">\n\t\t\t\t\t<div class=\"e-con-inner\">\n\t\t\t\t<div class=\"elementor-element elementor-element-5b262e7 elementor-widget elementor-widget-text-editor\" data-id=\"5b262e7\" data-element_type=\"widget\" data-e-type=\"widget\" data-widget_type=\"text-editor.default\">\n\t\t\t\t<div class=\"elementor-widget-container\">\n\t\t\t\t\t\t\t\t\t<p>Gaminame tvarias karkasines pirtis. Pirtis galite rinktis i\u0161 esam\u0173 modeli\u0173 arba galime pagaminti pagal J\u016bs\u0173 pageidavimus.<\/p><p>Ma\u017eiausios gaminamos pirties vidaus dydis: 2,00 m x 2,00 m, auk\u0161tis &#8211; 1,80-2,00 m.<\/p><p>Gamybai naudojamos kokybi\u0161kos med\u017eiagos:<br \/>fasadas \u2013 spygliuo\u010di\u0173 mediena,<br \/>vidaus apdaila \u2013 egl\u0117s mediena,<br \/>gamybai naudojama \u0161iaurin\u0117 mediena \u2013 tvirta ir atspari temperat\u016br\u0173 svyravimams.<br \/>grindys &#8211; spygliuo\u010di\u0173 mediena, montuojama su tarpeliais oro cirkuliacijai.<\/p><p>Ap\u0161iltinimas:<br \/>pirties sienos ap\u0161iltintos 50 mm, o stogas 100 mm akmens vata \u2013 \u0161ilumai sulaikyti ir komfortui bet kuriuo met\u0173 laiku.<\/p><p>Stogas:<br \/>danga \u2013 bitumin\u0117s \u010derp\u0117s,<br \/>medin\u0117s v\u0117jalent\u0117s \u2013 nat\u016bralus ir ilgaam\u017eis apdailos sprendimas.<\/p><p>Durys:<br \/>gr\u016bdinto stiklo durys \u2013 modernu, saugu ir patogu.<\/p><p>\u012eranga:<br \/>elektrin\u0117 HARVIA krosnel\u0117 \u2013 patikimas \u0161ilumos \u0161altinis,<br \/>2 patog\u016bs gultai (L forma),<br \/>ap\u0161vietimas po gultais \u2013 jauki atmosfera vakarais.<\/p><p>Individual\u016bs pasirinkimai:<br \/>fasado apdailos tipas: standartinis arba skandinavi\u0161kas.<br \/>galima pasirinkti fasado spalv\u0105 pagal savo norus.<\/p><p><img fetchpriority=\"high\" decoding=\"async\" class=\"alignnone size-medium wp-image-2250\" src=\"http:\/\/woodywoody.eu\/wp-content\/uploads\/2025\/07\/20250330_144004-1-225x300.png\" alt=\"\" width=\"225\" height=\"300\" srcset=\"https:\/\/woodywoody.eu\/wp-content\/uploads\/2025\/07\/20250330_144004-1-225x300.png 225w, https:\/\/woodywoody.eu\/wp-content\/uploads\/2025\/07\/20250330_144004-1-768x1024.png 768w, https:\/\/woodywoody.eu\/wp-content\/uploads\/2025\/07\/20250330_144004-1-1152x1536.png 1152w, https:\/\/woodywoody.eu\/wp-content\/uploads\/2025\/07\/20250330_144004-1-1536x2048.png 1536w, https:\/\/woodywoody.eu\/wp-content\/uploads\/2025\/07\/20250330_144004-1-scaled.png 1920w\" sizes=\"(max-width: 225px) 100vw, 225px\" \/> <img decoding=\"async\" class=\"alignnone size-medium wp-image-2253\" src=\"http:\/\/woodywoody.eu\/wp-content\/uploads\/2025\/07\/pirtis-200x300.png\" alt=\"\" width=\"200\" height=\"300\" srcset=\"https:\/\/woodywoody.eu\/wp-content\/uploads\/2025\/07\/pirtis-200x300.png 200w, https:\/\/woodywoody.eu\/wp-content\/uploads\/2025\/07\/pirtis-683x1024.png 683w, https:\/\/woodywoody.eu\/wp-content\/uploads\/2025\/07\/pirtis-768x1152.png 768w, https:\/\/woodywoody.eu\/wp-content\/uploads\/2025\/07\/pirtis.png 1024w\" sizes=\"(max-width: 200px) 100vw, 200px\" \/> <img decoding=\"async\" class=\"alignnone size-medium wp-image-2251\" src=\"http:\/\/woodywoody.eu\/wp-content\/uploads\/2025\/07\/20250330_144838-225x300.jpg\" alt=\"\" width=\"225\" height=\"300\" \/><img loading=\"lazy\" decoding=\"async\" class=\"alignnone size-medium wp-image-2252\" src=\"http:\/\/woodywoody.eu\/wp-content\/uploads\/2025\/07\/1000012608-300x168.jpg\" alt=\"\" width=\"300\" height=\"168\" srcset=\"https:\/\/woodywoody.eu\/wp-content\/uploads\/2025\/07\/1000012608-300x168.jpg 300w, https:\/\/woodywoody.eu\/wp-content\/uploads\/2025\/07\/1000012608-1024x574.jpg 1024w, https:\/\/woodywoody.eu\/wp-content\/uploads\/2025\/07\/1000012608-768x430.jpg 768w, https:\/\/woodywoody.eu\/wp-content\/uploads\/2025\/07\/1000012608-1536x860.jpg 1536w, https:\/\/woodywoody.eu\/wp-content\/uploads\/2025\/07\/1000012608-2048x1147.jpg 2048w\" sizes=\"(max-width: 300px) 100vw, 300px\" \/><\/p>\t\t\t\t\t\t\t\t<\/div>\n\t\t\t\t<\/div>\n\t\t\t\t\t<\/div>\n\t\t\t\t<\/div>\n\t\t\t\t<\/div>\n\t\t","protected":false},"excerpt":{"rendered":"<p>Karkasini\u0173 pir\u010di\u0173 statyba Gaminame tvarias karkasines pirtis. Pirtis galite rinktis i\u0161 esam\u0173 modeli\u0173 arba galime pagaminti pagal J\u016bs\u0173 pageidavimus. Ma\u017eiausios gaminamos pirties vidaus dydis: 2,00 m x 2,00 m, auk\u0161tis &#8211; 1,80-2,00 m. Gamybai naudojamos kokybi\u0161kos med\u017eiagos:fasadas \u2013 spygliuo\u010di\u0173 mediena,vidaus apdaila \u2013 egl\u0117s mediena,gamybai naudojama \u0161iaurin\u0117 mediena \u2013 tvirta ir atspari temperat\u016br\u0173 svyravimams.grindys &#8211; spygliuo\u010di\u0173 [&hellip;]<\/p>\n","protected":false},"author":1,"featured_media":0,"parent":0,"menu_order":0,"comment_status":"closed","ping_status":"closed","template":"","meta":{"om_disable_all_campaigns":false,"site-sidebar-layout":"no-sidebar","site-content-layout":"page-builder","ast-site-content-layout":"full-width-container","site-content-style":"default","site-sidebar-style":"default","ast-global-header-display":"","ast-banner-title-visibility":"","ast-main-header-display":"","ast-hfb-above-header-display":"","ast-hfb-below-header-display":"","ast-hfb-mobile-header-display":"","site-post-title":"disabled","ast-breadcrumbs-content":"","ast-featured-img":"disabled","footer-sml-layout":"","ast-disable-related-posts":"","theme-transparent-header-meta":"","adv-header-id-meta":"","stick-header-meta":"","header-above-stick-meta":"","header-main-stick-meta":"","header-below-stick-meta":"","astra-migrate-meta-layouts":"set","ast-page-background-enabled":"default","ast-page-background-meta":{"desktop":{"background-color":"","background-image":"","background-repeat":"repeat","background-position":"center center","background-size":"auto","background-attachment":"scroll","background-type":"","background-media":"","overlay-type":"","overlay-color":"","overlay-opacity":"","overlay-gradient":""},"tablet":{"background-color":"","background-image":"","background-repeat":"repeat","background-position":"center center","background-size":"auto","background-attachment":"scroll","background-type":"","background-media":"","overlay-type":"","overlay-color":"","overlay-opacity":"","overlay-gradient":""},"mobile":{"background-color":"","background-image":"","background-repeat":"repeat","background-position":"center center","background-size":"auto","background-attachment":"scroll","background-type":"","background-media":"","overlay-type":"","overlay-color":"","overlay-opacity":"","overlay-gradient":""}},"ast-content-background-meta":{"desktop":{"background-color":"var(--ast-global-color-5)","background-image":"","background-repeat":"repeat","background-position":"center center","background-size":"auto","background-attachment":"scroll","background-type":"","background-media":"","overlay-type":"","overlay-color":"","overlay-opacity":"","overlay-gradient":""},"tablet":{"background-color":"var(--ast-global-color-5)","background-image":"","background-repeat":"repeat","background-position":"center center","background-size":"auto","background-attachment":"scroll","background-type":"","background-media":"","overlay-type":"","overlay-color":"","overlay-opacity":"","overlay-gradient":""},"mobile":{"background-color":"var(--ast-global-color-5)","background-image":"","background-repeat":"repeat","background-position":"center center","background-size":"auto","background-attachment":"scroll","background-type":"","background-media":"","overlay-type":"","overlay-color":"","overlay-opacity":"","overlay-gradient":""}},"footnotes":""},"class_list":["post-1854","page","type-page","status-publish","hentry"],"_links":{"self":[{"href":"https:\/\/woodywoody.eu\/index.php\/wp-json\/wp\/v2\/pages\/1854","targetHints":{"allow":["GET"]}}],"collection":[{"href":"https:\/\/woodywoody.eu\/index.php\/wp-json\/wp\/v2\/pages"}],"about":[{"href":"https:\/\/woodywoody.eu\/index.php\/wp-json\/wp\/v2\/types\/page"}],"author":[{"embeddable":true,"href":"https:\/\/woodywoody.eu\/index.php\/wp-json\/wp\/v2\/users\/1"}],"replies":[{"embeddable":true,"href":"https:\/\/woodywoody.eu\/index.php\/wp-json\/wp\/v2\/comments?post=1854"}],"version-history":[{"count":17,"href":"https:\/\/woodywoody.eu\/index.php\/wp-json\/wp\/v2\/pages\/1854\/revisions"}],"predecessor-version":[{"id":2259,"href":"https:\/\/woodywoody.eu\/index.php\/wp-json\/wp\/v2\/pages\/1854\/revisions\/2259"}],"wp:attachment":[{"href":"https:\/\/woodywoody.eu\/index.php\/wp-json\/wp\/v2\/media?parent=1854"}],"curies":[{"name":"wp","href":"https:\/\/api.w.org\/{rel}","templated":true}]}}