{"id":1889,"date":"2024-02-11T16:00:10","date_gmt":"2024-02-11T16:00:10","guid":{"rendered":"https:\/\/woodywoody.eu\/?page_id=1889"},"modified":"2025-07-16T19:50:12","modified_gmt":"2025-07-16T19:50:12","slug":"karkasiniu-pastatu-statyba","status":"publish","type":"page","link":"https:\/\/woodywoody.eu\/index.php\/karkasiniu-pastatu-statyba\/","title":{"rendered":"Karkasini\u0173 pastat\u0173 statyba"},"content":{"rendered":"\t\t<div data-elementor-type=\"wp-page\" data-elementor-id=\"1889\" class=\"elementor elementor-1889\">\n\t\t\t\t<div class=\"elementor-element elementor-element-327421b e-flex e-con-boxed e-con e-parent\" data-id=\"327421b\" data-element_type=\"container\" data-e-type=\"container\">\n\t\t\t\t\t<div class=\"e-con-inner\">\n\t\t<div class=\"elementor-element elementor-element-ab62f88 e-flex e-con-boxed e-con e-child\" data-id=\"ab62f88\" data-element_type=\"container\" data-e-type=\"container\">\n\t\t\t\t\t<div class=\"e-con-inner\">\n\t\t<div class=\"elementor-element elementor-element-7952a6f e-flex e-con-boxed e-con e-child\" data-id=\"7952a6f\" data-element_type=\"container\" data-e-type=\"container\" data-settings=\"{&quot;background_background&quot;:&quot;classic&quot;}\">\n\t\t\t\t\t<div class=\"e-con-inner\">\n\t\t\t\t<div class=\"elementor-element elementor-element-aa3648f elementor-widget elementor-widget-heading\" data-id=\"aa3648f\" data-element_type=\"widget\" data-e-type=\"widget\" data-widget_type=\"heading.default\">\n\t\t\t\t<div class=\"elementor-widget-container\">\n\t\t\t\t\t<h2 class=\"elementor-heading-title elementor-size-default\">Karkasini\u0173 pastat\u0173 statyba<\/h2>\t\t\t\t<\/div>\n\t\t\t\t<\/div>\n\t\t\t\t\t<\/div>\n\t\t\t\t<\/div>\n\t\t\t\t\t<\/div>\n\t\t\t\t<\/div>\n\t\t\t\t\t<\/div>\n\t\t\t\t<\/div>\n\t\t<div class=\"elementor-element elementor-element-0f75483 e-flex e-con-boxed e-con e-parent\" data-id=\"0f75483\" data-element_type=\"container\" data-e-type=\"container\">\n\t\t\t\t\t<div class=\"e-con-inner\">\n\t\t\t\t<div class=\"elementor-element elementor-element-e3e05dc elementor-widget elementor-widget-text-editor\" data-id=\"e3e05dc\" data-element_type=\"widget\" data-e-type=\"widget\" data-widget_type=\"text-editor.default\">\n\t\t\t\t<div class=\"elementor-widget-container\">\n\t\t\t\t\t\t\t\t\t<p><img decoding=\"async\" class=\"emoji\" role=\"img\" draggable=\"false\" src=\"https:\/\/s.w.org\/images\/core\/emoji\/16.0.1\/svg\/1f3e0.svg\" alt=\"\ud83c\udfe0\" \/> A++, A+, A, B, C energetinio naudingumo klasi\u0173 karkasiniai namai su pamat\u0173 \u012frengimu \u2013 viskas i\u0161 vien\u0173 rank\u0173!<\/p>\n<p>Statome \u0161iltus, modernius ir tvarius karkasinius namus su pamatais \u2013 nuo pirmini\u0173 darb\u0173 iki rakto. Dirbame visoje Lietuvoje ir u\u017e jos rib\u0173.<\/p>\n<p><img decoding=\"async\" class=\"emoji\" role=\"img\" draggable=\"false\" src=\"https:\/\/s.w.org\/images\/core\/emoji\/16.0.1\/svg\/1f528.svg\" alt=\"\ud83d\udd28\" \/> M\u016bs\u0173 privalumai:<\/p>\n<p><img decoding=\"async\" class=\"emoji\" role=\"img\" draggable=\"false\" src=\"https:\/\/s.w.org\/images\/core\/emoji\/16.0.1\/svg\/2705.svg\" alt=\"\u2705\" \/> Greita statyba<\/p>\n<ul>\n<li>Pamatai per 1\u20133 savaites<\/li>\n<li>Karkasas surenkamas per 4\u20138 savaites<\/li>\n<li>Iki dalin\u0117s apdailos \u2013 vos per 3\u20134 m\u0117nesius!<\/li>\n<\/ul>\n<p><img decoding=\"async\" class=\"emoji\" role=\"img\" draggable=\"false\" src=\"https:\/\/s.w.org\/images\/core\/emoji\/16.0.1\/svg\/2705.svg\" alt=\"\u2705\" \/> Energijos efektyvumas \u2013 A++ ir kitos klas\u0117s<\/p>\n<ul>\n<li>\u0160iltinimui naudojame akmens vat\u0105 ir kitas J\u016bs\u0173 pasirinktas med\u017eiagas<\/li>\n<li>Dviguba \u0161ilumos izoliacija<\/li>\n<li>Sertifikuota FSC ir C24, graduota, kalibruota mediena (ilgaam\u017ei\u0161kumas &gt; 50 m.)<\/li>\n<\/ul>\n<p><img decoding=\"async\" class=\"emoji\" role=\"img\" draggable=\"false\" src=\"https:\/\/s.w.org\/images\/core\/emoji\/16.0.1\/svg\/2705.svg\" alt=\"\u2705\" \/> Projektai pagal j\u016bs\u0173 poreikius<\/p>\n<ul>\n<li>Galime dirbti pagal j\u016bs\u0173 projekt\u0105<\/li>\n<li>Arba pasi\u016blyti m\u016bs\u0173 partneri\u0173 sprendimus<\/li>\n<\/ul>\n<p><img decoding=\"async\" class=\"emoji\" role=\"img\" draggable=\"false\" src=\"https:\/\/s.w.org\/images\/core\/emoji\/16.0.1\/svg\/2705.svg\" alt=\"\u2705\" \/> Skaidrumas ir pasitik\u0117jimas<\/p>\n<ul>\n<li>Ai\u0161ki s\u0105mata<\/li>\n<li>Pasira\u0161oma sutartis<\/li>\n<li>I\u0161ra\u0161omos s\u0105skaitos-fakt\u016bros<\/li>\n<\/ul>\n<p>J\u016bs\u0173 patogumui galime atlikti tran\u0161\u0117j\u0173 kasimo visoms in\u017einerin\u0117ms komunikacijoms (elektros, vandentiekio, nuotek\u0173, \u0161viesolaid\u017eio (interneto)), bei pamat\u0173 kasimo ir atkasimo darbus. Taip pat atliekame elektros \u012fvado \u012frengimo paslaugas sklype ir pastate bei pasir\u016bpiname Rangovo aktu.<\/p>\n<p><img fetchpriority=\"high\" decoding=\"async\" class=\"size-medium wp-image-2118\" src=\"http:\/\/woodywoody.eu\/wp-content\/uploads\/2025\/06\/20250407_153215-300x225.jpg\" alt=\"\" width=\"300\" height=\"225\" srcset=\"https:\/\/woodywoody.eu\/wp-content\/uploads\/2025\/06\/20250407_153215-300x225.jpg 300w, https:\/\/woodywoody.eu\/wp-content\/uploads\/2025\/06\/20250407_153215-1024x768.jpg 1024w, https:\/\/woodywoody.eu\/wp-content\/uploads\/2025\/06\/20250407_153215-768x576.jpg 768w, https:\/\/woodywoody.eu\/wp-content\/uploads\/2025\/06\/20250407_153215-1536x1152.jpg 1536w, https:\/\/woodywoody.eu\/wp-content\/uploads\/2025\/06\/20250407_153215-2048x1536.jpg 2048w\" sizes=\"(max-width: 300px) 100vw, 300px\" \/><img decoding=\"async\" class=\"alignnone size-medium wp-image-2130\" style=\"font-style: inherit; font-weight: inherit;\" src=\"http:\/\/woodywoody.eu\/wp-content\/uploads\/2025\/06\/vidus2-300x225.png\" alt=\"\" width=\"300\" height=\"225\" srcset=\"https:\/\/woodywoody.eu\/wp-content\/uploads\/2025\/06\/vidus2-300x225.png 300w, https:\/\/woodywoody.eu\/wp-content\/uploads\/2025\/06\/vidus2-1024x768.png 1024w, https:\/\/woodywoody.eu\/wp-content\/uploads\/2025\/06\/vidus2-768x576.png 768w, https:\/\/woodywoody.eu\/wp-content\/uploads\/2025\/06\/vidus2.png 1440w\" sizes=\"(max-width: 300px) 100vw, 300px\" \/><img decoding=\"async\" class=\"alignnone size-medium wp-image-2129\" style=\"font-style: inherit; font-weight: inherit;\" src=\"http:\/\/woodywoody.eu\/wp-content\/uploads\/2025\/06\/vidus11-2-300x225.png\" alt=\"\" width=\"300\" height=\"225\" srcset=\"https:\/\/woodywoody.eu\/wp-content\/uploads\/2025\/06\/vidus11-2-300x225.png 300w, https:\/\/woodywoody.eu\/wp-content\/uploads\/2025\/06\/vidus11-2-1024x768.png 1024w, https:\/\/woodywoody.eu\/wp-content\/uploads\/2025\/06\/vidus11-2-768x576.png 768w, https:\/\/woodywoody.eu\/wp-content\/uploads\/2025\/06\/vidus11-2.png 1440w\" sizes=\"(max-width: 300px) 100vw, 300px\" \/><img loading=\"lazy\" decoding=\"async\" class=\"alignnone size-medium wp-image-1675\" style=\"font-style: inherit; font-weight: inherit;\" src=\"http:\/\/woodywoody.eu\/wp-content\/uploads\/2023\/08\/Transeju-kasimas-300x225.jpg\" alt=\"\" width=\"300\" height=\"225\" srcset=\"https:\/\/woodywoody.eu\/wp-content\/uploads\/2023\/08\/Transeju-kasimas-300x225.jpg 300w, https:\/\/woodywoody.eu\/wp-content\/uploads\/2023\/08\/Transeju-kasimas-1024x768.jpg 1024w, https:\/\/woodywoody.eu\/wp-content\/uploads\/2023\/08\/Transeju-kasimas-768x576.jpg 768w, https:\/\/woodywoody.eu\/wp-content\/uploads\/2023\/08\/Transeju-kasimas-1536x1152.jpg 1536w, https:\/\/woodywoody.eu\/wp-content\/uploads\/2023\/08\/Transeju-kasimas.jpg 2048w\" sizes=\"(max-width: 300px) 100vw, 300px\" \/><\/p>\n<p><!-- \/wp:list-item --><!-- wp:list-item --><\/p>\n<p><!-- \/wp:list-item --><!-- wp:list-item --><\/p>\n<p><!-- \/wp:list-item --><!-- wp:list-item --><\/p>\n<p><!-- \/wp:list-item --><!-- wp:list-item --><\/p>\n<p><!-- \/wp:list-item --><!-- wp:list-item --><\/p>\n<p><!-- \/wp:list-item --><!-- wp:list-item --><\/p>\n<p><!-- \/wp:list-item --><!-- wp:list-item --><\/p>\n<p><!-- \/wp:list-item --><!-- wp:list-item --><\/p>\n<p><!-- \/wp:list-item --><!-- wp:list-item --><\/p>\n<p><!-- \/wp:list-item --><!-- wp:list-item --><\/p>\n<p><!-- \/wp:list-item --><!-- wp:list-item --><\/p>\n<p><!-- \/wp:paragraph --><!-- wp:paragraph --><\/p>\t\t\t\t\t\t\t\t<\/div>\n\t\t\t\t<\/div>\n\t\t\t\t<div class=\"elementor-element elementor-element-10b7d05 elementor-align-center elementor-widget elementor-widget-button\" data-id=\"10b7d05\" data-element_type=\"widget\" data-e-type=\"widget\" data-widget_type=\"button.default\">\n\t\t\t\t<div class=\"elementor-widget-container\">\n\t\t\t\t\t\t\t\t\t<div class=\"elementor-button-wrapper\">\n\t\t\t\t\t<a class=\"elementor-button elementor-button-link elementor-size-sm\" href=\"https:\/\/woodywoody.eu\/index.php\/projects\/\">\n\t\t\t\t\t\t<span class=\"elementor-button-content-wrapper\">\n\t\t\t\t\t\t\t\t\t<span class=\"elementor-button-text\">Darb\u0173 galerija<\/span>\n\t\t\t\t\t<\/span>\n\t\t\t\t\t<\/a>\n\t\t\t\t<\/div>\n\t\t\t\t\t\t\t\t<\/div>\n\t\t\t\t<\/div>\n\t\t\t\t<div class=\"elementor-element elementor-element-e23cb4c elementor-align-center elementor-widget elementor-widget-button\" data-id=\"e23cb4c\" data-element_type=\"widget\" data-e-type=\"widget\" data-widget_type=\"button.default\">\n\t\t\t\t<div class=\"elementor-widget-container\">\n\t\t\t\t\t\t\t\t\t<div class=\"elementor-button-wrapper\">\n\t\t\t\t\t<a class=\"elementor-button elementor-button-link elementor-size-sm\" href=\"https:\/\/woodywoody.eu\/index.php\/contact-us\/\">\n\t\t\t\t\t\t<span class=\"elementor-button-content-wrapper\">\n\t\t\t\t\t\t\t\t\t<span class=\"elementor-button-text\">GAUTI PASI\u016aLYM\u0104<\/span>\n\t\t\t\t\t<\/span>\n\t\t\t\t\t<\/a>\n\t\t\t\t<\/div>\n\t\t\t\t\t\t\t\t<\/div>\n\t\t\t\t<\/div>\n\t\t\t\t\t<\/div>\n\t\t\t\t<\/div>\n\t\t\t\t<\/div>\n\t\t","protected":false},"excerpt":{"rendered":"<p>Karkasini\u0173 pastat\u0173 statyba A++, A+, A, B, C energetinio naudingumo klasi\u0173 karkasiniai namai su pamat\u0173 \u012frengimu \u2013 viskas i\u0161 vien\u0173 rank\u0173! Statome \u0161iltus, modernius ir tvarius karkasinius namus su pamatais \u2013 nuo pirmini\u0173 darb\u0173 iki rakto. Dirbame visoje Lietuvoje ir u\u017e jos rib\u0173. M\u016bs\u0173 privalumai: Greita statyba Pamatai per 1\u20133 savaites Karkasas surenkamas per 4\u20138 [&hellip;]<\/p>\n","protected":false},"author":1,"featured_media":0,"parent":0,"menu_order":0,"comment_status":"closed","ping_status":"closed","template":"","meta":{"om_disable_all_campaigns":false,"site-sidebar-layout":"no-sidebar","site-content-layout":"page-builder","ast-site-content-layout":"full-width-container","site-content-style":"default","site-sidebar-style":"default","ast-global-header-display":"","ast-banner-title-visibility":"","ast-main-header-display":"","ast-hfb-above-header-display":"","ast-hfb-below-header-display":"","ast-hfb-mobile-header-display":"","site-post-title":"disabled","ast-breadcrumbs-content":"","ast-featured-img":"disabled","footer-sml-layout":"","ast-disable-related-posts":"","theme-transparent-header-meta":"","adv-header-id-meta":"","stick-header-meta":"","header-above-stick-meta":"","header-main-stick-meta":"","header-below-stick-meta":"","astra-migrate-meta-layouts":"set","ast-page-background-enabled":"default","ast-page-background-meta":{"desktop":{"background-color":"","background-image":"","background-repeat":"repeat","background-position":"center center","background-size":"auto","background-attachment":"scroll","background-type":"","background-media":"","overlay-type":"","overlay-color":"","overlay-opacity":"","overlay-gradient":""},"tablet":{"background-color":"","background-image":"","background-repeat":"repeat","background-position":"center center","background-size":"auto","background-attachment":"scroll","background-type":"","background-media":"","overlay-type":"","overlay-color":"","overlay-opacity":"","overlay-gradient":""},"mobile":{"background-color":"","background-image":"","background-repeat":"repeat","background-position":"center center","background-size":"auto","background-attachment":"scroll","background-type":"","background-media":"","overlay-type":"","overlay-color":"","overlay-opacity":"","overlay-gradient":""}},"ast-content-background-meta":{"desktop":{"background-color":"var(--ast-global-color-5)","background-image":"","background-repeat":"repeat","background-position":"center center","background-size":"auto","background-attachment":"scroll","background-type":"","background-media":"","overlay-type":"","overlay-color":"","overlay-opacity":"","overlay-gradient":""},"tablet":{"background-color":"var(--ast-global-color-5)","background-image":"","background-repeat":"repeat","background-position":"center center","background-size":"auto","background-attachment":"scroll","background-type":"","background-media":"","overlay-type":"","overlay-color":"","overlay-opacity":"","overlay-gradient":""},"mobile":{"background-color":"var(--ast-global-color-5)","background-image":"","background-repeat":"repeat","background-position":"center center","background-size":"auto","background-attachment":"scroll","background-type":"","background-media":"","overlay-type":"","overlay-color":"","overlay-opacity":"","overlay-gradient":""}},"footnotes":""},"class_list":["post-1889","page","type-page","status-publish","hentry"],"_links":{"self":[{"href":"https:\/\/woodywoody.eu\/index.php\/wp-json\/wp\/v2\/pages\/1889","targetHints":{"allow":["GET"]}}],"collection":[{"href":"https:\/\/woodywoody.eu\/index.php\/wp-json\/wp\/v2\/pages"}],"about":[{"href":"https:\/\/woodywoody.eu\/index.php\/wp-json\/wp\/v2\/types\/page"}],"author":[{"embeddable":true,"href":"https:\/\/woodywoody.eu\/index.php\/wp-json\/wp\/v2\/users\/1"}],"replies":[{"embeddable":true,"href":"https:\/\/woodywoody.eu\/index.php\/wp-json\/wp\/v2\/comments?post=1889"}],"version-history":[{"count":70,"href":"https:\/\/woodywoody.eu\/index.php\/wp-json\/wp\/v2\/pages\/1889\/revisions"}],"predecessor-version":[{"id":2266,"href":"https:\/\/woodywoody.eu\/index.php\/wp-json\/wp\/v2\/pages\/1889\/revisions\/2266"}],"wp:attachment":[{"href":"https:\/\/woodywoody.eu\/index.php\/wp-json\/wp\/v2\/media?parent=1889"}],"curies":[{"name":"wp","href":"https:\/\/api.w.org\/{rel}","templated":true}]}}